 v*r + 3*r - 4*g + 4, -16 = 3*r + g. What is the units digit of ((-2)/(-4))/(r/(-720))?
0
Let z(b) = -2*b**3 - 8*b**2 - 5*b - 6. Let h be z(-4). What is the tens digit of (h + (1 - 2))*(-456)/(-24)?
4
Let a be (1 + -1 - -1) + 2. Let q be (41/(-2) + a)/(2/(-60)). Suppose -q = z - 6*z. What is the units digit of z?
5
Suppose -2*l - 90726 = -3*k, -5*k - 53*l + 151210 = -48*l. What is the hundreds digit of k?
2
Let y(l) = -32*l + 18. Let v be y(-20). Let z = 1653 - v. What is the units digit of z?
5
Suppose 9*t = 4*t - x + 73, -4*x + 52 = 4*t. Let i = 15 - t. Suppose 2*k + 2*k - 208 = i. What is the tens digit of k?
5
Let r be (0 - 844/(-8))*-2*1. Let i = 292 - r. What is the tens digit of i?
0
Suppose -13632 = -2*w + 2*o, 2169 = -2*w + 4*o + 15799. What is the units digit of w?
7
Let j(y) be the third derivative of -y**6/120 - 7*y**5/30 + y**4/3 - 13*y**3/6 - 256*y**2 - 2*y. Let f be -4 + 3 + (-1 - 13). What is the tens digit of j(f)?
9
Let s(n) = -n + 26. Let y be s(18). Suppose 6*q - y - 10 = 0. Suppose -4*u + q*u + 94 = 0. What is the tens digit of u?
9
Suppose 27*m - 26*m = -4*r + 78455, 3*r = -3*m + 58830. What is the ten thousands digit of r?
1
Let v = -2594 + 4181. What is the thousands digit of v?
1
Let b = -2422 + 868. What is the hundreds digit of (-2)/3*(b/4 - 6)?
2
Let h(i) = i**2 + 12*i + 23. Let z be h(-11). Let c(v) = -8*v - 96 + 85 - z*v. What is the tens digit of c(-5)?
8
Let t(k) = 8*k**3 - 2*k**2 - 4*k - 6. Let d be t(5). Let j = -399 + d. Suppose -2*i + 127 = -3*q - 64, -5*i = 2*q - j. What is the tens digit of i?
0
Suppose -3*a = 3*l + 3, -4*l + a + 8 = -3. Let z(j) = -3*j - 3*j - 3*j - l. What is the units digit of z(-5)?
3
Let q be 3 + -613 - (3 + 1)/(-1). Let o = q + 1453. What is the tens digit of o?
4
Let o(b) = 42*b - 41. Let m be o(-4). Let s = 12 - m. What is the units digit of s?
1
Suppose x + 4*q - 6 = 0, 0 = 4*x - 3*x + 5*q - 6. Suppose 0 = -x*o + 9*o - 570. What is the hundreds digit of o?
1
Let t = 690 + -145. Suppose 2*w = 6*w - 2*l - 2138, w - 4*l = t. What is the tens digit of w?
3
Suppose -v + 5399 = g, -5*g = 14*v - 18*v + 21587. What is the tens digit of v?
9
Suppose 44*c - 107426 = -114*c + 81068. What is the hundreds digit of c?
1
Suppose 0 = 6*x - 2*x + n - 81729, -102165 = -5*x - 2*n. What is the thousands digit of x?
0
Let h be 14/2 + (-1)/((-2)/4). Suppose -2*i - h = -5*i. What is the units digit of (-6)/(18/(-77))*i?
7
Let j = 5880 + -5114. What is the hundreds digit of j?
7
Let o(v) = -v - 41 + 51 + 98 + 26 + 28. What is the units digit of o(37)?
5
Suppose 4*q - 5*m = 20765 - 1814, -m - 14216 = -3*q. What is the tens digit of q?
3
Suppose 2*h + 5*h = -168. Let d = -21 - h. Suppose -s = 2*s - 4*w + 7, d*w = 4*s. What is the units digit of s?
3
Suppose u - 4*k + 9 = 0, 12*u - 17*u - 45 = -2*k. Let c(d) = 11*d**2 - 2*d + 10. What is the hundreds digit of c(u)?
9
Suppose -4*t = -12, 3*q + 4*t = q + 16. Let v be ((-20)/12 + q)*12. Suppose -2*m + 234 = -4*g, -2*m - v*g + 311 = m. What is the hundreds digit of m?
1
Suppose 2*c - 7705 = 18118 - 75. What is the tens digit of c?
7
What is the thousands digit of (8552/(27/(-3) + 11))/1?
4
Let r(b) = 23*b**2 + 1. Let a be r(-1). Let l = -79 + a. Let t = -17 - l. What is the tens digit of t?
3
Let y(u) be the third derivative of -u**6/120 + u**5/12 + u**4/4 + 10*u**3/3 + 37*u**2. Let b be y(7). What is the units digit of 4/18 + -166*34/b?
7
Suppose -5*w = -5*f + 62705, -3*f + 34663 = 4*w - 2925. What is the ten thousands digit of f?
1
Let w(x) = -x**3 + 8*x**2 + 11*x + 5. Suppose 2*a + 4*c + 1 + 1 = 0, 4 = -a + c. Let s be (-2)/(a*(-3)/(-36)). What is the tens digit of w(s)?
9
Suppose 5*m + 42 = 272. Suppose 250 = i + z - m, 5*z + 272 = i. What is the tens digit of i?
9
Let f(s) = -3*s + 18*s**2 + s - 3 - 10 - 3*s - 4*s. What is the hundreds digit of f(4)?
2
Let f(z) = 127 + 9*z - 105 - 14. Suppose 32 = 4*b - 20. What is the hundreds digit of f(b)?
1
Let g(x) = 4261*x + 144. What is the ten thousands digit of g(3)?
1
Suppose -6*o + 7*o + 82 = -3*t, 0 = t + 4*o + 9. Let a be (-33)/(-88) + t/(-8). Suppose -4*u + 0*u - 444 = -4*d, a = 4*u. What is the hundreds digit of d?
1
Let m be (8/(-2))/(0 - 1). What is the hundreds digit of m*(78 + (-28)/7)?
2
Let d(s) = s + 8. Let y be d(-3). Suppose -3*v = -3*o - 3, o + y + 6 = 3*v. Suppose -4*l - v*z + 479 = 0, -3*l = l + z - 483. What is the tens digit of l?
2
Let y = -5237 + 8817. Suppose 0 = 4*n + 2*l - y, 5*n + 20*l - 21*l - 4475 = 0. What is the tens digit of n?
9
Suppose 13*u + 7111 = 16835. What is the tens digit of u?
4
Suppose 8*r - 28 = -4*n + 4*r, -5*r + 5 = 0. Suppose -2*b - 4*l + n*l = -1390, l - 2093 = -3*b. What is the tens digit of b?
9
Let d(v) = -6 + 9*v - 15*v - 4. Let f be d(-5). Suppose 0 = 7*s - 12*s + f. What is the units digit of s?
4
Let b = -13 - -15. Suppose 4*k + 1192 = 4*s, 4*s + s + b*k = 1455. Suppose -4*g = -s - 55. What is the units digit of g?
7
Suppose -2 - 2 = -n, 4*f + 3*n - 3468 = 0. Let v be 26/(-22) + 1 - f/(-396). Suppose 8*z - 720 = v*z. What is the tens digit of z?
2
Let q(x) = -x**3 + 8*x**2 + 4*x + 6743. What is the tens digit of q(0)?
4
Suppose 275*h - 261*h = 218330. What is the ten thousands digit of h?
1
Suppose l = -25*l. Suppose -2*h - 2*a - 23 + 545 = l, 5*h + a - 1285 = 0. What is the tens digit of h?
5
Suppose -5*p - 3315 = 5*h, -651 = -h + 2*h + 4*p. Let t = 57 - h. What is the units digit of t?
4
Let t(a) = 4*a**2 + 22*a - 2. Let r be t(-6). What is the tens digit of (-2432)/95*r/(-2)?
2
Suppose 882 = -2*m - 4*l, 3*m + 308 = -2*l - 1003. What is the hundreds digit of (m/2)/((-8)/16)?
4
Let b be -7 + -1 + 5 + 30. Suppose 12 = -3*r + b. Suppose 2 = t, -t + 461 = r*q + 2*t. What is the tens digit of q?
9
Suppose -27*d + 24*d - 627 = 0. Let c be -6 + 4 + 1 - d. Suppose -2*n - 5*z = -n - 30, -c = -5*n + 4*z. What is the tens digit of n?
4
Let z(r) = -101*r - 92. Let t(a) = 50*a + 47. Let s(x) = 13*t(x) + 6*z(x). What is the hundreds digit of s(12)?
5
Let y(c) = -c**3 + 54*c**2 - 3*c - 58. What is the hundreds digit of y(38)?
9
Suppose -9*c = -6*c - 2445. Suppose -4*q = d + c, 435 = 2*q - 4*q + 5*d. Let i = 345 + q. What is the hundreds digit of i?
1
Let x = 6 + 16. Let b be 29/(261/(-162)) - -3. Let v = b + x. What is the units digit of v?
7
Suppose -27*g + 56011 = -164363. What is the units digit of g?
2
Let h(i) = -i**2 + 4*i - 9. Let m be h(8). Let z = -26 - m. Suppose a = -4*a - z, o - 37 = -3*a. What is the tens digit of o?
4
Let n be 3/(-2) - 8/(80/(-35055)). Suppose -15*w - 519 = -n. What is the units digit of (w + 2 - -2)/1?
3
Suppose 490*q - 489*q + 2486 = 0. What is the units digit of (-18)/(-42) + q/(-14)?
8
Let s(y) = 64*y**2 + y. Let g(i) = i**2 + 10*i + 17. Let x be g(-7). Let p be x*28/(-144) + 2/9. What is the units digit of s(p)?
5
Let w be 6/8 - (-43)/(-4). Let s(f) = 7*f**2 - 50*f + 42. What is the tens digit of s(w)?
4
Let h(f) = 55*f**2 - 5*f + 2. What is the hundreds digit of h(2)?
2
Suppose 2*y = -6*y + 40. Suppose -3*q + 32 = y. Suppose -2*j - q*j + 770 = 0. What is the units digit of j?
0
Let p(z) = -8*z**3 - 22*z**2 + 58*z - 30. What is the hundreds digit of p(-16)?
1
Suppose -16*p + 18*p + 32*p - 478958 = 0. What is the thousands digit of p?
4
Suppose 0 = 3*h + 4*z - 0*z - 1, -h - 2*z = -3. What is the units digit of ((-6)/4)/(h - 9289/(-1862))?
3
Suppose -174375 = -7*d + 5*x, d - 2*x = -6*x + 24906. What is the hundreds digit of d?
9
Let y(j) = 41*j + 1. Let u be y(1). Let v be ((-50)/(-20))/((-2)/(-20)). Let n = v + u. What is the tens digit of n?
6
Let w(j) = j**3 - 3*j**2 - 5*j - 13. Suppose 4*f + 32 = 2*l, 7*l - 4*l - 2*f = 32. What is the units digit of w(l)?
7
Let l(m) = 408*m - 6872. What is the units digit of l(30)?
8
Let z be 12/14 - 88/(-77). Suppose 2*p + 31 = -z*t + 1787, t - p - 870 = 0. What is the hundreds digit of t?
8
Let g = -27 + 29. Suppose 42 = -8*i + g*i. What is the units digit of 5*(-71)/i - (-4)/14?
1
Suppose 0 = 2*l + 5*s + 15, -2*l + s = 1 - 4. Suppose l = 2*h - 14 + 4. Suppose -h*q + 5*b + 280 = 0, 0*b + 5*b = 2*q - 124. What is the units digit of q?
2
Let z(r) be the third derivative of -5/12*r**4 + 0*r + 5/6*r**3 + 14*r**2 + 1/60*r**5 + 0. What is the units digit of z(14)?
1
Let n(z) = 9*z**2 + 54*z - 2289. Wha